55 - f. Let i(y) = 5*y**2 + y + 1. Calculate i(u).
5
Let w(f) = -f**3 + 4*f**2 + 7*f - 11. Suppose 2*k + 5*c - 16 = 4, -2*k + 16 = 3*c. Determine w(k).
-1
Let r(a) = -3*a. Let g(b) = -3*b + 1. Let i(u) = -8*u + 3. Let x(p) = 5*g(p) - 2*i(p). Let h(j) = -r(j) - 4*x(j). Calculate h(2).
2
Let j be (-12 - 0)/4 + 5. Let g(h) = -282 + h**3 + 560 + 2*h - 279. Determine g(j).
11
Let y(j) be the second derivative of j**4/12 + 5*j**3/6 + 5*j**2/2 + 5*j. Let i = -10 - -4. What is y(i)?
11
Let a(m) = m**3 + 29*m**2 - 3*m - 92. Let z be a(-29). Let h(w) = -w. Let o be h(-3). Let x(l) = -o - 6*l**2 + 5*l**2 + l - 5*l. What is x(z)?
-8
Let y be -9*(-4)/6 - 3. Suppose 111 - y = -4*m. Let a = -21 - m. Let d(p) = -p. Determine d(a).
-6
Let g(f) = -32*f**2 - f - 1. Suppose 3*s + 15 = 18. Let x be (2/(s + 3))/((-66)/132). Give g(x).
-32
Let x = -31 - -34. Let o(u) = u**2 + 3*u + 13*u**3 - 4*u - x*u**3. What is o(1)?
10
Let g(b) = -3*b - 9. Suppose -55 = 5*v - 5*f, -16*v + 11*v + 2*f = 40. Calculate g(v).
9
Let h = 23 - 13. Suppose -n - 4*n + h = 0. Let a(f) = 4*f**2 + 2*f**2 + f**3 - f**2 - 5 - n*f. What is a(-5)?
5
Let k(l) = -8*l + 19. Let a be k(3). Let g(h) = h**3 + 6*h**2 - 5*h - 7. Give g(a).
43
Let r(o) be the first derivative of o**3 + o**2/2 - o + 19. Let p be (-2)/(2/4 + 0). Let x be ((-36)/27)/(p/(-6)). Calculate r(x).
9
Let t(b) = -6*b**3 - 5*b**2 + 4*b + 4. Let x(d) = d**2 - d - 1. Let z(g) = -t(g) - 4*x(g). Let l = 78 + -79. Determine z(l).
-5
Suppose -w + 3*u = -135, -3*u = 4*w + 2*u - 540. Let k(y) = -w*y + 273*y - 140*y + 6. What is k(4)?
-2
Let x be ((-9)/(-15))/(4/(-28))*-5. Let p(u) = -u**2 + 20*u + 8. Determine p(x).
-13
Let a(f) = 17 - 11 - f - 14. Give a(-6).
-2
Let n(d) = 11*d + 13. Let i(v) = -14*v - 13. Let s(p) = -3*i(p) - 4*n(p). Determine s(-5).
-3
Let d = -42 - -44. Let q(u) = -63*u - 5*u**3 + 4*u**3 + 58*u - 7*u**d. Determine q(-6).
-6
Suppose -92*y = -3*w - 93*y - 14, 3*y = -5*w - 22. Let b(l) = -l**3 - 5*l**2 + 3*l + 8. Calculate b(w).
-7
Let t(f) be the third derivative of -f**8/840 + f**7/2520 - f**6/720 - f**4/2 + 5*f**2. Let l(g) be the second derivative of t(g). Determine l(1).
-8
Let c(q) = q. Let x = -1 - -5. Suppose 0*d - 2*d - p = -1, -5*d + 5*p = 5. Suppose d = -2*a + 12 - x. What is c(a)?
4
Let f(l) = -l**2 - 7*l - 8*l + 2*l**2 - 2*l + 15*l + 1. What is f(-6)?
49
Let l = -5 + 12. Suppose 0 = q + j - l, -2*q - 3*q + 17 = -j. Suppose 4*t - 32 = -3*n, -9 = q*n + 3*t - 8*t. Let b(c) = -2*c**2 + 5*c - 1. Give b(n).
-13
Let b(g) = -2*g**3 + 17*g**2 + 10*g - 20. Let x be b(9). Let p(l) = -l**3 - 11*l**2 + l + 2. Give p(x).
-9
Let a(n) = n**3 + 7*n**2 + 5*n - 4. Let k be a(-5). Let i = k - 17. Let t(r) = -r**3 + 5*r**2 - 3*r + 1. Give t(i).
5
Let l(b) = -2*b**3 + 2*b**2 + 2*b. Let r = -11 - -16. Suppose 13 = r*f + 3. Let z be l(f). Let u(s) = s + 4. What is u(z)?
0
Suppose w - 24 = -21. Let b(o) = w*o**2 + 0*o - 2*o**2 - 4*o - 1 - 2*o. Determine b(6).
-1
Let h(v) be the second derivative of -v**4/12 + 13*v**3/6 - 6*v**2 - 355*v - 2. Give h(13).
-12
Let g be ((-1)/(-1))/(2/34). Let o(c) = c + g - 4*c + 20 - 38. What is o(2)?
-7
Let u(b) be the first derivative of b**3/3 - b**2 + 2*b - 130. Determine u(0).
2
Suppose 2*r + 8 + 6 = s, 0 = -5*s + 2*r + 38. Let b = 12 - s. Let y(c) = -2*c - c - b + 2*c**2 + 3 + c**3. Give y(-2).
3
Let q(z) be the second derivative of z**5/30 + z**4/24 - z**3/6 - 41*z**2/2 - 10*z. Let s(j) be the first derivative of q(j). Determine s(-2).
5
Let k be 5200/78*(-36)/(-10). Let s be 752/k - (-2)/(-15). Let i(v) = 2*v + s*v - 4*v + 7 + v. Calculate i(-5).
-3
Let i(v) = v**2 - 3*v - 1. Suppose 4*y = -f + 3, 2*f = -4*y - 2 - 0. Suppose 0 = -y*q + 2 + 4. Calculate i(q).
-1
Let x(s) = -s**2 - s + 4. Let m(t) be the first derivative of t**3/3 + t**2/2 - 4*t + 7. Let o = 9 + -6. Let b(n) = o*m(n) + 2*x(n). Determine b(-3).
2
Let j(i) = i**2 + 9*i - 7. Let f be (1962/(-150) - -13) + (-596)/50. Give j(f).
29
Let c(r) = -2*r + 6. Let g(j) = 2*j - 8. Let t = -18 - -25. Let i be g(t). Determine c(i).
-6
Let h(o) be the first derivative of 3*o**2 - 8*o + 505. Give h(4).
16
Suppose 0*p + 9*p = 2*p. Let o(f) = f**2 + 4 + f + 0 - 2*f**3 + f**3. Determine o(p).
4
Let i(h) be the first derivative of h**4/6 + h**3/2 - 24*h**2 - 33. Let l(z) be the second derivative of i(z). What is l(-2)?
-5
Let w(c) = -6*c + 8. Let u(s) = -s**2 + 3*s + 92. Let n be u(-8). Calculate w(n).
-16
Let q(u) = -265 - 284 - 2*u + 556. Give q(6).
-5
Let k(f) = -3*f + 4556 - 3*f**2 - 4558 + 2*f**2. Give k(-6).
-20
Let p = -23 - -27. Let y(u) = -4*u**2 + 6*u + 7. Let d(a) = 5*a**2 - 6*a - 8. Let w(b) = p*y(b) + 3*d(b). Give w(5).
9
Let r = 136 - 113. Let s(u) = -5 - 17*u + 6 + r*u - 17*u. Give s(-1).
12
Let u(x) = 2*x + 13. Let i be (1/(-9))/(53/(-2385)). Calculate u(i).
23
Let n = 139 + -137. Suppose 0 = -5*w - n*m + 3*m - 7, 4*w + 14 = 5*m. Let d(u) = 33*u**3 + u**2 - 1. Give d(w).
-33
Let z(a) = -2*a**2 + 3*a + 2. Let i(u) = 2*u**2 + 53*u + 176. Let x be i(-4). What is z(x)?
-42
Suppose -x = 4, 7*d + 64 = 5*d - x. Let a(c) = 2*c + 62. Give a(d).
2
Let j(k) be the second derivative of k**3/6 + 13*k**2 - 37*k. Let p be j(-23). Let l(n) = -n**2 + n + 4. Determine l(p).
-2
Let q be 5*2/10 + 5. Suppose 0 = -q*t + 4 + 8. Let z(n) = n**2 - 5*n - 1. Let w(j) = -3*j**2 + 16*j + 3. Let o(c) = -2*w(c) - 7*z(c). Determine o(t).
3
Let n be (-31)/4 + (-6)/(-8). Let x be (-1)/(-2)*n*2. Let y(h) = -h**2 - 9*h - 8. Give y(x).
6
Suppose -z = -4*z + 3*w, 0 = -3*z + 4*w - 1. Let c(x) be the first derivative of -z - 1/2*x**2 + 0*x**3 + 6*x + 1/4*x**4. Determine c(0).
6
Suppose -28 = -5*v - p + 10, 12 = 4*p. Suppose 0*f = v*f + 3*f. Let w(q) = q**2 + 5. Calculate w(f).
5
Suppose 2*u - 3 = -b - 2, 0 = 5*b + 5*u - 10. Suppose y + 15 = 8*a - 4*a, -5 = -4*a + b*y. Let d(l) = 4 + a - 6 + l. Calculate d(-4).
-1
Let z(c) = -4*c + 24. Suppose 10*h = 6*h + 28. Calculate z(h).
-4
Let t(c) be the second derivative of -29*c + 1/2*c**3 + 3*c**2 - 1/12*c**4 + 0. Give t(6).
-12
Suppose -41*r - 368 = -45*r. Let q be (-115)/r*(0 + -4). Let v(i) = -6*i + 2*i**2 - 6 - 2*i**2 - 6*i**2 + q*i**2. What is v(-4)?
2
Let r(g) = -g**2 - 2*g + 3. Suppose 93*l - 104*l - 66 = 0. What is r(l)?
-21
Let z(y) = 3*y - 21. Suppose -13*d - 2*c = -8*d - 29, -c + 32 = 5*d. Calculate z(d).
0
Let p(t) = t**2 - 2*t - 2. Let a be p(4). Let n(k) = 22*k + k**2 + 0*k**2 + 23*k - 80*k + 4 + 29*k. Give n(a).
4
Let m(k) = -k - 1. Let u(z) = z**3 - 10*z**2 + 13*z + 18. Let r be u(8). Calculate m(r).
5
Suppose -5*l - 5*d = -18 - 22, -2*l + 2*d = 0. Suppose 0 = -l*v + 4*u + 20, 5*v - 7*v = 5*u + 4. Let q(j) = -4*j + j**2 + 7*j - 2*j - 4. Determine q(v).
8
Let l(z) = 210*z + 209*z + z**2 - 419*z. What is l(3)?
9
Suppose 50 = -460*q + 450*q. Let b(f) = 2*f + 11. Give b(q).
1
Let c(o) be the first derivative of o**7/840 + o**6/45 - o**5/120 - 5*o**4/12 - 10*o**3/3 + 18. Let s(y) be the third derivative of c(y). Calculate s(-8).
-2
Let i(g) = -3*g**2 - 4*g - 3. Let j(z) = -5*z - 5. Let n(k) = k + 1. Let m(h) = j(h) + 6*n(h). Let w(c) = -i(c) - 5*m(c). What is w(2)?
8
Let j be -5 + ((-4)/6)/(16/72). Let g(c) = -2*c**2 - 16*c + 1. What is g(j)?
1
Let h(y) = y**3 + 7*y**2 - y + 7. Suppose 427 = -25*z - 36*z. What is h(z)?
14
Let r(k) be the first derivative of -11*k**3/3 - 3*k**2/2 + 21. Let w(j) = -22*j**2 - 7*j. Let u(t) = 9*r(t) - 4*w(t). Give u(1).
-10
Let d = 473 + -476. Let p(l) = 5*l + 6. Calculate p(d).
-9
Let h(q) = -3*q - 8 - 2*q**2 + 1 + 2*q + 3*q**2. Let m = 433 - 428. Determine h(m).
13
Let v(y) be the second derivative of -19*y**5/10 + y**4/4 - 3*y**2/2 - 7*y. Let m(a) = 25*a**3 - 2*a**2 + 2. Let o(n) = 8*m(n) + 5*v(n). What is o(-1)?
-10
Let c(s) = 2*s - 14. Suppose -15 = 5*b, 5*y - 22 - 23 = -5*b. Calculate c(y).
10
Let t = 1 + -30. Let v = t + 31. Suppose 5*f - v*z - 33 = 0, -3*f + 4 = -5*z - 31. Let h(b) = b**3 - 5*b**2 - b - 4. Give h(f).
-9
Let f(h) = -19*h + 34. Let q be f(-4). Let l(s) = s - 3*s + 113 + s - q. What is l(6)?
-3
Let u(l) = -l**3 + 6*l**2 - 4*l + 2. Let o = 49 - 45. Calculate u(o).
18
Let a(u) = -4*u**2 + 3*u - 2. Let t(q) = q**2 - q**2 - 2 - 4*q**2 + q**3 + 6*q. Let y be 2 - (10/30 + (-1)/3). Let c be t(y). Determine a(c).
-12
Let a(u) be the second derivative of u**4/6 - u**3/2 + 3*u**